base 9) to base 11
19269
143 (base 11) to base 6
440
Convert -2120002 (base 3) to base 4.
-131021
What is 260016 (base 7) in base 12?
23969
-210200 (base 3) to base 4
-21021
4211 (base 8) to base 12
1321
What is -1c9 (base 14) in base 15?
-19d
Convert -241 (base 16) to base 3.
-210101
What is -1db3 (base 14) in base 5?
-133244
-13 (base 7) to base 5
-20
111000020 (base 3) to base 5
300413
77a5 (base 11) to base 4
2200213
Convert c3b (base 14) to base 11.
1897
What is cbdb (base 15) in base 13?
16868
8011 (base 12) to base 14
5085
Convert -24570 (base 9) to base 4.
-10001322
What is -479a (base 16) in base 5?
-1041310
Convert -9b2 (base 16) to base 11.
-1957
Convert 65f2 (base 16) to base 5.
1313343
-228 (base 16) to base 2
-1000101000
What is 2004 (base 7) in base 9?
846
21556 (base 10) to base 7
116563
1178a (base 11) to base 3
212012120
Convert 1000101100101100 (base 2) to base 3.
1210212120
Convert -29 (base 10) to base 2.
-11101
275 (base 11) to base 14
192
Convert 105303 (base 7) to base 11.
13035
Convert -647 (base 8) to base 15.
-1d3
Convert 1223 (base 5) to base 13.
116
53123 (base 6) to base 5
212204
-111002012 (base 3) to base 13
-4457
What is -1001100111000 (base 2) in base 12?
-2a20
-3012 (base 8) to base 3
-2010021
-10010101110110 (base 2) to base 12
-5672
What is 1378 (base 9) in base 6?
4455
What is 12 (base 12) in base 16?
e
-21254 (base 7) to base 10
-5282
What is -3142 (base 8) in base 6?
-11322
What is -2b65 (base 12) in base 15?
-17b2
Convert 4663 (base 7) to base 9.
2311
What is 130031 (base 4) in base 16?
70d
Convert -4480 (base 10) to base 14.
-18c0
What is -1202102 (base 3) in base 14?
-676
-285 (base 16) to base 14
-341
What is -371 (base 13) in base 16?
-257
Convert 221110 (base 3) to base 11.
575
-3926 (base 14) to base 3
-111202111
What is -121 (base 11) in base 8?
-220
Convert -481 (base 14) to base 16.
-381
Convert 12101120 (base 4) to base 11.
18333
What is 762 (base 10) in base 16?
2fa
Convert -ac2 (base 15) to base 3.
-10100002
Convert 792 (base 13) to base 11.
a84
-305 (base 14) to base 4
-21101
Convert 1000001001 (base 2) to base 14.
293
What is 627 (base 8) in base 13?
254
Convert -22000 (base 3) to base 4.
-3120
What is 3646 (base 8) in base 3?
2200112
Convert -150eb (base 16) to base 5.
-10230001
What is -122100 (base 4) in base 6?
-11440
14222 (base 5) to base 8
2243
21020 (base 3) to base 15
d0
-1969 (base 10) to base 12
-1181
-2aa (base 13) to base 15
-21d
What is -54515 (base 6) in base 11?
-5730
Convert -1167 (base 9) to base 12.
-607
What is 4716 (base 15) in base 10?
15096
Convert 205d (base 14) to base 3.
21122100
What is 110000110 (base 2) in base 3?
112110
What is -14d (base 14) in base 6?
-1121
1143 (base 9) to base 5
11344
Convert 83 (base 14) to base 15.
7a
40141 (base 9) to base 7
136600
What is 6a2c (base 13) in base 10?
14910
What is -12463 (base 10) in base 15?
-3a5d
Convert -286 (base 15) to base 11.
-484
What is 1203210 (base 5) in base 2?
101011100100001
-534 (base 9) to base 2
-110110100
Convert -144a (base 11) to base 15.
-849
Convert -15699 (base 10) to base 15.
-49b9
Convert 46532 (base 11) to base 2.
10000011001110110
10101100211 (base 3) to base 9
111324
Convert 19761 (base 10) to base 14.
72b7
What is 4811 (base 9) in base 11?
275a
What is 1102023 (base 5) in base 13?
8867
What is -12 (base 16) in base 15?
-13
Convert -1000100011 (base 2) to base 15.
-267
101526 (base 8) to base 14
c378
424 (base 13) to base 4
23002
Convert 1044421 (base 5) to base 13.
86b3
What is 124223 (base 5) in base 4?
1031022
Convert 203301 (base 5) to base 3.
100012012
26 (base 13) to base 2
100000
What is -b67 (base 16) in base 2?
-101101100111
-30223 (base 5) to base 6
-12550
21a2 (base 11) to base 5
43040
706 (base 16) to base 6
12154
Convert 5a (base 16) to base 11.
82
What is 1220 (base 12) in base 7?
5643
Convert -465 (base 9) to base 15.
-1a8
Convert -112023 (base 4) to base 15.
-649
4184 (base 12) to base 10
7156
Convert 3fc6 (base 16) to base 12.
9546
Convert 3159 (base 15) to base 9.
15273
Convert 84580 (base 10) to base 4.
110221210
10313 (base 5) to base 3
222020
Convert -10110010111000 (base 2) to base 16.
-2cb8
-7bec (base 15) to base 12
-13296
What is 4423 (base 10) in base 16?
1147
-3110332 (base 4) to base 3
-200200211
Convert 61684 (base 9) to base 14.
10b61
Convert 3140 (base 5) to base 8.
644
What is -10020220 (base 3) in base 14?
-c17
What is 73087 (base 9) in base 15?
e42d
-11326 (base 14) to base 9
-63274
What is 121133 (base 4) in base 16?
65f
Convert 2a4 (base 14) to base 3.
201212
-25245 (base 9) to base 7
-100322
5575 (base 9) to base 2
1000000010110
Convert -102110 (base 3) to base 8.
-465
20a8 (base 16) to base 5
231420
110 (base 3) to base 13
c
What is -601 (base 8) in base 2?
-110000001
-20224 (base 7) to base 12
-2a1a
-39973 (base 11) to base 3
-2220021202
What is 19a83 (base 13) in base 3?
2112202201
101010011 (base 2) to base 7
663
What is -1632 (base 7) in base 13?
-3ba
Convert -1417 (base 10) to base 4.
-112021
What is 25446 (base 8) in base 10?
11046
8468 (base 13) to base 7
104315
-11101010000 (base 2) to base 13
-b10
-7aae (base 16) to base 9
-47065
-1001100101111101 (base 2) to base 11
-27581
Convert 15124 (base 8) to base 7.
25436
-3509 (base 11) to base 2
-1000111111111
-115b (base 13) to base 5
-34232
25563 (base 10) to base 7
134346
What is -12511 (base 6) in base 11?
-1491
What is -10210 (base 4) in base 9?
-354
Convert -40220 (base 6) to base 14.
-1cc4
Convert 1b8 (base 13) to base 11.
271
Convert 22656 (base 7) to base 12.
3453
What is 58 (base 10) in base 3?
2011
Convert 2043 (base 6) to base 7.
1224
Convert -318d (base 15) to base 16.
-28f3
What is -899 (base 14) in base 12?
-b9b
What is -13 (base 6) in base 2?
-1001
Convert -1001010001 (base 2) to base 12.
-415
1021001 (base 3) to base 2
1110010111
Convert -5036 (base 10) to base 13.
-23a5
What is -1022011110 (base 3) in base 15?
-78e0
-42422 (base 7) to base 12
-60b2
Convert 1337 (base 8) to base 16.
2df
What is -143 (base 10) in base 11?
-120
Convert -112112100 (base 3) to base 16.
-2961
9c8 (base 13) to base 3
2022102
Convert -439 (base 16) to base 13.
-652
Convert -100011000 (base 2) to base 16.
-118
-cc6 (base 13) to base 16
-88e
What is -101001010111 (base 2) in base 13?
-1288
1100000111000001 (base 2) to base 10
49601
85b7 (base 12) to base 10
14683
Convert -6978 (base 14) to base 15.
-5674
What is 537 (base 10) in base 4?
20121
-1236 (base 8) to base 13
-3c7
Convert 110111101 (base 2) to base 9.
544
-84317 (base 9) to base 8
-154557
What is 3442111 (base 5) in base 12?
2bb78
1202200011 (base 3) to base 6
424521
What is -7423 (base 10) in base 2?
-1110011111111
What is 12220220 (base 4) in base 7?
142142
What is -13430 (base 7) in base 9?
-5002
32 (base 12) to base 15
28
-505 (base 11) to base 6
-2454
Convert 1936 (base 12) to base 4.
233322
-1b8 (base 16) to base 6
-2012
855 (base 9) to base 11
585
What is 1011232 (base 4) in base 9?
6107
Convert -11001101000 (base 2) to base 16.
-668
-12141 (base 6) to base 7
-5134
Convert 3c70 (base 14) to base 16.
29ba
What is -c0e (base 16) in base 2?
-110000001110
Convert -41456 (base 9) to base 12.
-139b0
What is -1302 (base 13) in base 12?
-1696
1110011100111100 (base 2) to base 13
20c37
-9610 (base 14) to base 6
-315502
Convert 4504 (base 14) to base 10.
11960
Convert -1122 (base 9) to base 8.
-1476
2520 (base 15) to base 4
1323201
2eb (base 15) to base 10
671
What is 27 (base 10) in base 9?
30
Convert db86 (base 14) to base 7.
215426
-12211211 (base 3) to base 2
-1000010100101
What is 3137 (base 13) in base 16?
1a96
1001101110011 (base 2) to base 6
35015
What is 4554 (base 6) in base 13?
64c
10330 (base 7) to base 9
3464
What is -2620 (base 9) in base 6?
-13030
325a (base 15) to base 13
4b10
701 (base 11) to base 8
1520
What is 344 (base 9) in base 13?
18a
-1377 (base 10) to base 9
-1800
-30886 (base 12) to base 3
-10020001110
What is 20021202 (base 3) in base 14?
1955
65486 (base 9) to base 3
2012112220
What is -1077 (base 8) in base 2?
-1000111111
Convert -6bc (base 13) to base 3.
-1121022
1434 (base 11) to base 3
2112121
What is 656 (base 13) in base 7?
3110
What is 1861 (base 12) in base 15?
d1d
-121221 (base 3) to base 7
-1222
What is 1313 (base 